252?
2
What is the millions digit of 2624732?
2
What is the ten thousands digit of 368905?
6
What is the millions digit of 2196223?
2
What is the thousands digit of 603026?
3
What is the thousands digit of 195818?
5
What is the hundreds digit of 202117?
1
What is the units digit of 257698?
8
What is the ten thousands digit of 1633882?
3
What is the hundred thousands digit of 1015949?
0
What is the thousands digit of 26014?
6
What is the thousands digit of 627849?
7
What is the hundred thousands digit of 613606?
6
What is the thousands digit of 266574?
6
What is the ten thousands digit of 554174?
5
What is the hundreds digit of 17042636?
6
What is the hundred thousands digit of 1780060?
7
What is the millions digit of 19098598?
9
What is the hundreds digit of 177051?
0
What is the ten thousands digit of 356911?
5
What is the hundreds digit of 403843?
8
What is the thousands digit of 856919?
6
What is the thousands digit of 323950?
3
What is the units digit of 13385788?
8
What is the units digit of 996132?
2
What is the ten thousands digit of 3306731?
0
What is the units digit of 109697?
7
What is the units digit of 1320018?
8
What is the ten thousands digit of 182900?
8
What is the units digit of 2455113?
3
What is the hundreds digit of 348783?
7
What is the tens digit of 12247545?
4
What is the tens digit of 12930254?
5
What is the hundred thousands digit of 749343?
7
What is the units digit of 175455?
5
What is the ten millions digit of 27805255?
2
What is the ten thousands digit of 3861801?
6
What is the hundreds digit of 270318?
3
What is the units digit of 3030476?
6
What is the hundred thousands digit of 125342?
1
What is the ten thousands digit of 185799?
8
What is the thousands digit of 120884?
0
What is the hundred thousands digit of 557024?
5
What is the tens digit of 4558115?
1
What is the millions digit of 4013829?
4
What is the ten thousands digit of 278408?
7
What is the tens digit of 135079?
7
What is the hundred thousands digit of 406395?
4
What is the ten thousands digit of 1718527?
1
What is the thousands digit of 368370?
8
What is the hundreds digit of 1006104?
1
What is the units digit of 12082826?
6
What is the units digit of 1016235?
5
What is the ten thousands digit of 4613680?
1
What is the units digit of 621907?
7
What is the tens digit of 628586?
8
What is the ten thousands digit of 3136250?
3
What is the hundred thousands digit of 2314446?
3
What is the hundreds digit of 469188?
1
What is the ten thousands digit of 533001?
3
What is the hundreds digit of 42838?
8
What is the hundred thousands digit of 4475538?
4
What is the ten thousands digit of 161724?
6
What is the units digit of 1380227?
7
What is the tens digit of 230697?
9
What is the ten thousands digit of 3119088?
1
What is the millions digit of 1151875?
1
What is the hundreds digit of 39976?
9
What is the thousands digit of 90547?
0
What is the tens digit of 7684304?
0
What is the tens digit of 8164232?
3
What is the hundreds digit of 3574551?
5
What is the ten thousands digit of 6299141?
9
What is the tens digit of 18941961?
6
What is the tens digit of 1032658?
5
What is the millions digit of 6300137?
6
What is the units digit of 3457218?
8
What is the tens digit of 23233948?
4
What is the thousands digit of 114359?
4
What is the tens digit of 4186541?
4
What is the units digit of 8211110?
0
What is the hundred thousands digit of 4230389?
2
What is the thousands digit of 2270719?
0
What is the tens digit of 41517?
1
What is the ten thousands digit of 592176?
9
What is the millions digit of 1110891?
1
What is the tens digit of 2842660?
6
What is the ten thousands digit of 11579893?
7
What is the thousands digit of 734386?
4
What is the tens digit of 88055?
5
What is the tens digit of 1706412?
1
What is the thousands digit of 1042207?
2
What is the hundred thousands digit of 12442456?
4
What is the tens digit of 1883941?
4
What is the units digit of 420136?
6
What is the units digit of 792721?
1
What is the hundred thousands digit of 1148085?
1
What is the hundreds digit of 64795?
7
What is the thousands digit of 137824?
7
What is the hundred thousands digit of 565861?
5
What is the hundred thousands digit of 1084058?
0
What is the hundreds digit of 1190015?
0
What is the units digit of 2556206?
6
What is the ten thousands digit of 2825146?
2
What is the hundreds digit of 1034180?
1
What is the hundreds digit of 195512?
5
What is the hundreds digit of 197477?
4
What is the units digit of 25829339?
9
What is the hundreds digit of 60288?
2
What is the hundreds digit of 508893?
8
What is the thousands digit of 5251852?
1
What is the tens digit of 480834?
3
What is the hundreds digit of 367038?
0
What is the thousands digit of 1629989?
9
What is the tens digit of 16947749?
4
What is the units digit of 783334?
4
What is the units digit of 26509537?
7
What is the hundreds digit of 69142?
1
What is the hundreds digit of 100188?
1
What is the hundred thousands digit of 254298?
2
What is the ten thousands digit of 5030980?
3
What is the thousands digit of 378581?
8
What is the thousands digit of 335819?
5
What is the thousands digit of 155258?
5
What is the ten thousands digit of 779474?
7
What is the tens digit of 742461?
6
What is the thousands digit of 8815008?
5
What is the units digit of 214854?
4
What is the thousands digit of 51132?
1
What is the tens digit of 227622?
2
What is the units digit of 1887718?
8
What is the hundreds digit of 12421374?
3
What is the units digit of 138488?
8
What is the tens digit of 29708?
0
What is the ten thousands digit of 1105226?
0
What is the ten thousands digit of 22262017?
6
What is the hundred thousands digit of 167657?
1
What is the hundred thousands digit of 1033811?
0
What is the hundreds digit of 2361498?
4
What is the tens digit of 68622?
2
What is the ten thousands digit of 154651?
5
What is the tens digit of 2148854?
5
What is the millions digit of 3368153?
3
What is the thousands digit of 5285867?
5
What is the tens digit of 2563161?
6
What is the ten thousands digit of 421625?
2
What is the ten thousands digit of 7321932?
2
What is the thousands digit of 302455?
2
What is the tens digit of 10367735?
3
What is the hundred thousands digit of 12921315?
9
What is the hundred thousands digit of 1658604?
6
What is the tens digit of 611260?
6
What is the tens digit of 9219938?
3
What is the tens digit of 20119?
1
What is the hundred thousands digit of 504729?
5
What is the thousands digit of 24989825?
9
What is the ten thousands digit of 480314?
8
What is the tens digit of 3002433?
3
What is the units digit of 3373926?
6
What is the hundred thousands digit of 133130?
1
What is the ten thousands digit of 2951529?
5
What is the hundred thousands digit of 6039122?
0
What is the hundreds digit of 27168259?
2
What is the units digit of 269233?
3
What is the thousands digit of 4141276?
1
What is the thousands digit of 1081891?
1
What is the hundred thousands digit of 2331707?
3
What is the thousands digit of 2919599?
9
What is the tens digit of 19201467?
6
What is the thousands digit of 118002?
8
What is the hundred thousands digit of 742938?
7
What is the units digit of 381243?
3
What is the thousands digit of 2905272?
5
What is the hundred thousands digit of 6822945?
8
What is the ten thousands digit of 388766?
8
What is the ten thousands digit of 2521908?
2
What is the thousands digit of 6178310?
8
What is the thousands digit of 758549?
8
What is the hundreds digit of 5950416?
4
What is the ten thousands digit of 1027091?
2
What is the millions digit of 12157492?
2
What is the units digit of 391910?
0
What is the tens digit of 26317958?
5
What is the millions digit of 1436544?
1
What is the hundreds digit of 124480?
4
What is the thousands digit of 4744434?
4
What is the tens digit of 308731?
3
What is the hundreds digit of 15166293?
2
What is the tens digit of 9543343?
4
What is the hundred thousands digit of 164785?
1
What is the thousands digit of 216885?
6
What is the units digit of 937877?
7
What is the tens digit of 14252423?
2
What is the ten thousands digit of 205593?
0
What is the hundreds digit of 24436069?
0
What is the hundreds digit of 236745?
7
What is the hundred thousands digit of 1443120?
4
What is the hu